{"id":389,"date":"2023-11-01T16:39:33","date_gmt":"2023-11-01T15:39:33","guid":{"rendered":"https:\/\/www.slonax.cz\/?page_id=389"},"modified":"2024-11-13T13:31:14","modified_gmt":"2024-11-13T12:31:14","slug":"kontakt","status":"publish","type":"page","link":"https:\/\/www.slonax.cz\/?page_id=389","title":{"rendered":"Kontakt"},"content":{"rendered":"\n<p>Jan \u0160m\u00e1kal<\/p>\n\n\n\n<p>Tich\u00e1 679, 50901 Nov\u00e1 Paka<\/p>\n\n\n\n<p>E-mail: slonax@slonax.cz<\/p>\n\n\n\n<p>Tel.: +420 605 282 951<\/p>\n","protected":false},"excerpt":{"rendered":"<p>Jan \u0160m\u00e1kal Tich\u00e1 679, 50901 Nov\u00e1 Paka E-mail: slonax@slonax.cz Tel.: +420 605 282 951<\/p>\n","protected":false},"author":1,"featured_media":0,"parent":0,"menu_order":0,"comment_status":"closed","ping_status":"closed","template":"","meta":{"footnotes":""},"class_list":["post-389","page","type-page","status-publish","hentry"],"_links":{"self":[{"href":"https:\/\/www.slonax.cz\/index.php?rest_route=\/wp\/v2\/pages\/389","targetHints":{"allow":["GET"]}}],"collection":[{"href":"https:\/\/www.slonax.cz\/index.php?rest_route=\/wp\/v2\/pages"}],"about":[{"href":"https:\/\/www.slonax.cz\/index.php?rest_route=\/wp\/v2\/types\/page"}],"author":[{"embeddable":true,"href":"https:\/\/www.slonax.cz\/index.php?rest_route=\/wp\/v2\/users\/1"}],"replies":[{"embeddable":true,"href":"https:\/\/www.slonax.cz\/index.php?rest_route=%2Fwp%2Fv2%2Fcomments&post=389"}],"version-history":[{"count":4,"href":"https:\/\/www.slonax.cz\/index.php?rest_route=\/wp\/v2\/pages\/389\/revisions"}],"predecessor-version":[{"id":682,"href":"https:\/\/www.slonax.cz\/index.php?rest_route=\/wp\/v2\/pages\/389\/revisions\/682"}],"wp:attachment":[{"href":"https:\/\/www.slonax.cz\/index.php?rest_route=%2Fwp%2Fv2%2Fmedia&parent=389"}],"curies":[{"name":"wp","href":"https:\/\/api.w.org\/{rel}","templated":true}]}}